5. Let b be (-60)/u - 4/(-6). Calculate k(b).
-5
Let a(w) = -w**3 - 6*w**2 - 6*w - 2. Suppose 23*p = -11 - 35. Determine a(p).
-6
Let k(z) = -3*z + 9. Let y(s) = 8*s - 26. Let i(d) = 11*k(d) + 4*y(d). Let t be i(-7). Suppose -t*p - 2*p = -28. Let a(n) = -n**3 + 7*n**2 + n - 4. Give a(p).
3
Let r(x) = -x**2 - 3*x. Suppose -7*l - 148 = 713. Let y be l/6 + (-2)/4. Let u = y + 18. What is r(u)?
0
Let h(s) = -2*s - 5. Let w(i) = 7*i + 14. Suppose 5*m + 0*y + 12 = 2*y, 4 = -4*m + 3*y. Let g(b) = m*w(b) - 11*h(b). Let c = 2 - 3. Calculate g(c).
5
Let p = -316 - -446. Let l(n) = n**2 - p*n + 128*n + 3 + 0. What is l(2)?
3
Let f(l) = -l**3 - 2*l**2 + 5*l - 3. Suppose 2*g + 5 - 7 = 5*i, -3*i - 18 = 3*g. Calculate f(g).
9
Let h(g) be the third derivative of g**6/120 - 2*g**5/15 - g**4/12 + 3*g**3/2 + g**2 - 2*g. Suppose -5*u + 17 = -v, 2*v + 4 + 0 = 4*u. Calculate h(v).
-7
Let o be (-1 - -1 - 6/(-21))*7. Let k(c) = 113 + o*c - c - 113. Calculate k(5).
5
Let c(t) = -t**3 - 2*t**2 + 10*t + 1. Let n be (7 - 2) + (-48)/12 + 2. Give c(n).
-14
Let z(x) = 3*x**2 - x - 6. Let o(m) = -10*m**2 + 4*m + 18. Let q(c) = 2*o(c) + 7*z(c). Let k(w) = -w**3 + 13*w**2. Let y be k(13). Give q(y).
-6
Let n(y) be the third derivative of 1/2*y**3 - 30*y**2 - 1/24*y**4 + 0*y + 0. Calculate n(10).
-7
Suppose -2*g - 16 = -6*g. Suppose -3*t + g*t - 2 = 0. Suppose -i + s - 3*s - 10 = 0, -5*s - 24 = t*i. Let y(m) = -m**2 - 3*m + 1. Give y(i).
3
Let p = 53 - 39. Suppose -3*c = -x + 14, 0 = -6*c + c + 4*x - p. Let i(s) = s. Calculate i(c).
-6
Let l = 11 + -9. Let r(d) be the second derivative of -d**3/6 + 11*d + 4. Determine r(l).
-2
Let j(g) = 7*g**2 + 4*g + 115. Let c(w) = -3*w**2 - 5*w - 58. Let s(z) = -5*c(z) - 2*j(z). Give s(-11).
-6
Let d(o) = -2*o**2 + 19*o - 16*o + 3*o**2 + 3 + 0*o**2. Calculate d(-2).
1
Let h(j) = 5*j + 1 - 4*j + 0. Suppose -5*m + f - 92 = 0, 11*f + 72 = -3*m + 6*f. Let o = m + 25. What is h(o)?
7
Let c(u) = u**2 - 13*u - 14. Let b(g) = -g**3 + 28*g**2 + 60*g + 13. Let v be b(30). What is c(v)?
-14
Suppose 4*l + 4*g - 3 = -35, 0 = 4*l + g + 41. Let r(w) = -w**2 - 11*w + 11. Give r(l).
11
Let n(c) = -c**2 - 5*c + 7. Let p(g) = g**2 - 11*g - 5. Let d = 11 + 0. Let b be p(d). Give n(b).
7
Let f be 35/28*(-24)/(-10). Suppose 2*n + 0 - 1 = -c, 0 = n + 4*c + 10. Let w(o) = -n*o + 1 + 4*o - o. Calculate w(f).
4
Suppose 0 = 48*k - 43*k - 25. Suppose -6*h + 2*h - 19 = x, 35 = -5*h - k*x. Let a(d) = d + 1. Calculate a(h).
-3
Let h(p) = -p**2 + p - 30. Let g = 1026 + -1026. What is h(g)?
-30
Let t be (-6)/(-2)*((-120)/(-18) - 5). Let a(m) = m**2 - 5*m + 7. Let b be a(t). Let h(k) = -k**2 + 9*k - 10. What is h(b)?
4
Suppose 0 = -2*f + 49 - 71. Let v(t) = 3*t + 35. Calculate v(f).
2
Suppose -3*o - 12*s + 9*s = -21, -4*o + 8 = -s. Let h(j) = j**2 - 3*j + 4. Determine h(o).
4
Suppose 0 = 10*t - 14 - 16. Let i(w) be the second derivative of 0 - 3*w - t*w**2 + 1/2*w**3. Determine i(5).
9
Let c = 246 + -246. Let s(l) = -l - 9. Calculate s(c).
-9
Let w(a) = a**3 - 2*a**2 + 3. Suppose 15*k = 4*k + 44. What is w(k)?
35
Let i(x) = -x + 6. Let p be i(13). Let l(r) = -r**3 - 6*r**2 + 7*r - 3. Determine l(p).
-3
Let d(w) be the first derivative of -w**3/3 + 6*w**2 + 13*w - 59. Calculate d(13).
0
Let u be (3/(-9))/(2/18). Let p(n) = 2*n**2 + 5*n - 2. Let o(x) = -3*x**2 - 5*x + 1. Let s(f) = u*o(f) - 4*p(f). Let q = -40 - -45. Determine s(q).
5
Let r(j) = -j**3 + j**2 - j - 1. Let z be r(0). Let s(v) = 23 + 6*v - 48 - 4*v + 25. Calculate s(z).
-2
Let w(v) be the second derivative of -v**5/20 - v**4/2 - v**3/3 - 6*v**2 + 526*v. Determine w(-6).
0
Let r(h) = -h**2 + h + 1. Let l(g) = -4*g**2 + 5*g + 1. Let q = -8 + 10. Suppose -q*t - 18 + 8 = 0. Let b(w) = t*r(w) + l(w). What is b(-3)?
5
Suppose -4*r = -12, 26 - 7 = -2*m - 3*r. Let l(y) = -y**2 - 12*y + 9. Give l(m).
-19
Let b(y) = -y**3 + 9*y**2 + 8*y + 23. Let u be b(10). Let o(w) = 5*w**2 + w**3 + 0 + u - 5*w**2 + w. What is o(0)?
3
Let h(m) = -3*m**2 + 7*m + 1. Let n be 13 + (-11)/((-11)/(-10)). What is h(n)?
-5
Let c = 1690 + -1686. Let y(i) be the first derivative of -c*i**2 - i - 12 - 1/3*i**3. Calculate y(-6).
11
Suppose -4*p + 107 - 43 = 0. Let c = p - 13. Let s(x) = -2 - 3*x + 0*x - x**2 - 4*x + c*x. Give s(-4).
-2
Let o(z) = 3*z - 4*z - 324 + 120 + 106 + 118. What is o(17)?
3
Suppose -2*d - 3*g - 5 = 0, -2*d + 3*g + 9 = -4. Let j(s) = -8 + 0*s**2 - 6*s + s - 4*s - s**d. Give j(-7).
6
Let d = 21 + -15. Suppose 0 = -b - b - 5*o - 16, -b - d = 2*o. Let g(w) = w**2 - 2*w + 3. Determine g(b).
3
Let s(b) = -3*b**3 + 217*b**2 - 73*b + 78. Let n be s(72). Let m be (2/(-4))/((-3)/12). Let q(o) = 3*o + 6 - 3 - m*o. Determine q(n).
9
Let i(h) be the first derivative of h**4/4 + 2*h**3 + 7*h**2/2 + 2*h - 684. Give i(-5).
-8
Let p(f) = 4 + 1328*f - 1324*f - 5 - f**2. What is p(3)?
2
Let s(n) be the second derivative of -n**3/6 + 23*n**2/2 + 179*n. What is s(12)?
11
Let q(i) = 2*i - 7. Let t = 420 - 412. Determine q(t).
9
Let d = 3 - 5. Let y(b) = b**3 - 5*b**2 - b + 7. Let a be y(5). Let v(o) = -3*o**a + 11*o + 2*o**2 - 10*o. Determine v(d).
-6
Let w(a) = -a**2 - 3. Suppose 4*d + 4*p - 16 = 0, 4*p = -6 - 14. Suppose -5*k - 2*v + d = v, 3*v = -4*k + 9. Determine w(k).
-3
Let m(c) be the third derivative of -7*c**4/24 - c**3/6 + c**2. Let u(p) = -p**2 - 44*p - 44. Let x be u(-43). What is m(x)?
6
Let a(u) = u - 1. Suppose 3*k - 4*y - 50 = 0, -3*k = -2*y - 38 - 8. Determine a(k).
13
Suppose -q + 11 = 4*r - 0, -2*r = -q + 29. Let p = 26 - q. Suppose 5*u - 7 = p. Let b(x) = -x**3 + 3*x - 1. Determine b(u).
-3
Let l(c) = 5*c + 6*c**2 - 3*c - c**3 + 8 - 3*c. Let q(z) = z**3 + 3*z**2 - 4*z - 6. Let h(m) = -3*m**2 + 2*m + 2. Let v be h(-1). Let r be q(v). Give l(r).
2
Let h(v) = -11*v**2 - 9 + v + 14 - 4. Let n(j) = -j**3 - 9*j**2 - 7*j + 7. Let x be n(-8). What is h(x)?
-11
Let z(g) = 6*g**3 - g**2 + g + 2. Let q be z(-1). Let t(m) = -m**2 - 7*m - 13. Calculate t(q).
-7
Let k be 4/22 - 126/(-33). Let d(z) be the third derivative of -z**4/24 - z**3/2 + z**2 - 30*z. Calculate d(k).
-7
Let c be (-2)/(-6)*-4 + 10/(-6). Let b(r) = r**3 - 2*r**2 + 3*r. Let f be b(2). Let k(j) = -4 + f*j + 3 - 3*j - j**3. What is k(c)?
17
Let r(o) = 3*o - 1. Let y(q) = -10*q + 5. Let z(f) = -7*r(f) - 2*y(f). Calculate z(3).
-6
Let x(s) be the second derivative of 4*s**3/3 + 59*s**2/2 + 736*s. Determine x(-8).
-5
Suppose b + 10 = l, -4*b + 2 = -2*l + 30. Let v be (3 - 21/9)/((-1)/l). Let x(u) = -2*u + 5. Calculate x(v).
13
Let n(d) = -2*d**2 + 4*d + 16. Let v(w) = -3*w**2 + 6*w + 23. Let x(c) = -7*n(c) + 5*v(c). What is x(-2)?
-5
Let b = -1107 + 1100. Let n(t) = t**3 + 9*t**2 + 14*t - 3. Give n(b).
-3
Let v be 2/8 - (124/(-16) + 6). Suppose -t + j = v*t + 11, -4 = 4*j. Let w(h) = h**3 + 3*h**2 - 3*h - 2. What is w(t)?
-6
Let g(y) = -4*y**3 + 3*y**2 + 2*y + 3. Let n(f) = 3*f**3 - 3*f**2 - 2*f - 3. Let r(v) = -2*g(v) - 3*n(v). Let z be ((-8)/(-5))/((-16)/(-40)). Give r(z).
-5
Let z(l) = l**2 + 8*l + 7. Let w = 81 + -77. Suppose 1 = -b - w. Calculate z(b).
-8
Let x = 746 + -741. Let w(v) = -v**3 + 5*v**2 - v - 6. Give w(x).
-11
Let c = 206 - 199. Let o(l) = l**2 - 6*l + 8. Give o(c).
15
Let z(i) be the third derivative of i**6/120 + i**5/15 + i**4/12 + i**3/3 + 7*i**2. Let m be z(-4). Let r(l) = -l**2 - 7*l - 1. What is r(m)?
5
Let r(m) = m**3 - 1. Let a be (-2)/(-1*(-8)/4)*1. Let o(y) = -y - 1. Let z(h) = h**2 + 4*h + 4. Let i(j) = 2*o(j) + z(j). Let n be i(a). Calculate r(n).
0
Let k(v) = -4*v - 18. Let l be k(-6). Suppose 20*y = 17*y + l. Let u(f) = f**3 - 3*f**2 + 2*f + 1. Determine u(y).
1
Let z(b) be the third derivative of -b**9/60480 - b**8/2520 - b**7/5040 - b**6/360 + b**5/15 + 4*b**2. Let j(g) be the third derivative of z(g). Give j(-8).
6
Let o(b) = -10 + 5*b + 7 + 4. Suppose 5*l = 3*m - 37, m + 20*l + 21 = 15*l. Calculate o(m).
21
Let o(h) = -46*h - 25. Let l(b) = 11*b + 6. Let s(u) = -9*l(u) - 2*o(u). Calculate s(3).
-25
Let p(n) = -9*n - 8. Let z(d) = 1. Let a(o) = p(o) + 3*z(o). Determine a(-4).
31
Suppose -71*d + 30 = -69*d. Let c(x) = -d*x - 5 + 4 - 5 + 12*x. Give c(-5).
9
Let f(j) = 6*j - 5*j**2 - 3*j - 6*j**2 + 3 + j**3 + 4*j**2 - 4*j. What is f(7)?
-4
Let r = -64 + 68. Suppose -2*k + 6*k + 13 = q, -33 = r*q + k. Let g(o) = o + 3. What is g(q)?
-4
Le